
14
Let n(v) = 24*v - 40. Let i = 117 + -113. Let t be n(i). What is the highest common divisor of 28 and t?
28
Let k be (-3 + (-62)/(-6))*-3. Let t = k - -44. Let j be (-242)/(-10) - t/110. Calculate the highest common divisor of 144 and j.
24
Let w(a) = 2*a**3 + 19*a**2 - 13*a - 23. Let z be w(-10). Calculate the highest common factor of 161 and z.
7
Let b = 43 + -30. Let n = b + 11. Suppose n = 5*d + 4*g, -2*d + 2*g + 9 = 3*g. What is the highest common factor of 36 and d?
4
Let p(r) = -r**3 + 12*r**2 + 3*r - 24. Let w be p(5). What is the highest common factor of 249 and w?
83
Let t = -24 - -36. Suppose -2*x + 12 = -p + 6*p, 0 = -p - 2*x + 4. Let h be (2 + p/(-7))*35. Calculate the greatest common factor of h and t.
12
Suppose 0 = 4*r + x + 19, -3*r + 2*r + x = 6. Let s = 9 + r. Let h = -36 - -44. Calculate the highest common divisor of s and h.
4
Let b be ((-120)/(-36))/((-4)/(-66)). Let a = -1 + 3. Let s(v) = 2*v**3 - 3*v**2 + 1. Let j be s(a). What is the highest common divisor of j and b?
5
Suppose 0 = 2*n - s - 412 - 266, 3*s + 1696 = 5*n. Calculate the highest common divisor of 26 and n.
26
Suppose 235*r + 42 = 237*r. What is the greatest common divisor of 21 and r?
21
Suppose 0 = -4*c + 4*o + 64, -c - 40 = -4*c - 5*o. Suppose -4*d + 55 = 22*u - 17*u, -5*u + 105 = -6*d. Calculate the highest common factor of u and c.
15
Let s(k) = k**3 + 20*k**2 + 17*k - 12. Let p be s(-19). Let m = 36 - p. What is the highest common divisor of 15 and m?
5
Let j = 266 + -176. Let i be j/(2*1/(-2)). Let k = 132 + i. Calculate the greatest common factor of 14 and k.
14
Let h(t) = -t**2 - 31*t - 81. Let a be h(-27). Suppose 0*s + 36 = 2*s. Calculate the greatest common divisor of a and s.
9
Let u be 1/3 + (-13475)/(-147). Calculate the highest common factor of 598 and u.
46
Let t = 21 - 17. Let g be (9/6)/(3/t). What is the highest common divisor of 14 and g?
2
Let u(a) = 6*a**2 + 5*a**2 + 2*a**2 + a**3 - 12 - 2*a. Suppose -f + 9*f = -104. Let i be u(f). What is the greatest common factor of i and 14?
14
Suppose -140 = 60*g - 61*g. What is the greatest common factor of 20 and g?
20
Suppose -2*i + 4*i = 14. Let y = -172 - -102. Let w = 98 + y. Calculate the greatest common factor of i and w.
7
Let i(n) = -n + 15. Let j be i(5). What is the greatest common factor of j and 230?
10
Suppose 3*b + 0*b = -75. Let h = -28 - b. Let r(i) = 9*i**2 + 5*i - 3. Let f be r(h). Calculate the greatest common divisor of f and 7.
7
Suppose 4*k + 201 = -10*v + 13*v, 2*v = 3*k + 135. What is the highest common divisor of 42 and v?
21
Let a(z) = z**2 - 9*z + 6. Let d be (0 - 7/(-2))*2. Let t be a(d). Let w = 20 + t. What is the greatest common divisor of 18 and w?
6
Let l be (-19173)/498*(-3 - -1*1). What is the greatest common divisor of l and 11?
11
Let o be (-1 - -5) + (-3 - -4). Suppose 0 = -r + 16 - o. What is the highest common divisor of r and 88?
11
Suppose -428 = -2*r - 292. Calculate the highest common divisor of r and 28.
4
Suppose -2*u + 6 = 0, -2*n + 4*u = n - 27. Let c = -119 + 226. Suppose -4*q = -c - 153. Calculate the greatest common divisor of n and q.
13
Suppose 18*d + 21 = 15*d. Let h = 5 - d. What is the highest common divisor of 30 and h?
6
Let l be ((-44)/(-198))/((-2)/(-549)). Calculate the highest common factor of 5429 and l.
61
Let a = -8740 + 8755. Let p be (-1)/4 + 183/12. What is the greatest common divisor of p and a?
15
Suppose -5*t = -13*t + 1568. Calculate the highest common factor of 28 and t.
28
Suppose -2*g = -2*j - 112, 3*g = -0*g + 5*j + 176. Calculate the highest common factor of g and 39.
13
Let w be (2 + 20)*6 + 9 + -5. Calculate the greatest common divisor of w and 34.
34
Suppose -25 = 5*s, 0 = 2*d + 5*s + 196 + 13. Let p = d - -109. What is the greatest common factor of p and 17?
17
Let i = 721 - 719. What is the highest common factor of i and 109?
1
Let r = 362 - -277. Calculate the greatest common divisor of 71 and r.
71
Let u = 2940 - 2937. Calculate the greatest common divisor of 51 and u.
3
Let c = 43 + 84. Suppose 5*i = c - 27. Suppose -s + a = 2*s - 14, 0 = 5*s - a - i. What is the greatest common divisor of 3 and s?
3
Let u be -11 + 5008/144 - (-4)/18. Calculate the greatest common factor of 84 and u.
12
Let c = 29 - 26. Let m be 4/(c/(-27)*-3). What is the highest common divisor of 108 and m?
12
Suppose 4*n + 3 = 5*n. Suppose -n*p + 0*p + g = -40, -p + 32 = -5*g. Calculate the greatest common divisor of 4 and p.
4
Suppose -4*a = r - 41, r + 25 = -3*a + 5*a. Suppose 330 = 3*f - 0*f + 4*s, 5*f = -5*s + 550. What is the highest common factor of f and a?
11
Suppose 3*l - 12 = 2*n - n, -2*n - 6 = 0. Let g(r) = 21*r. Let a be g(l). Calculate the greatest common factor of 21 and a.
21
Let w(y) = 4*y - 12. Let z be w(4). Let g be (z/(-6))/(4/(-1026)). What is the highest common factor of g and 19?
19
Let b(f) = -f**3 + 7*f**2 + 9*f - 10. Let q be b(8). Let o be (-1 - -1)*1/q. Let d = 5 + o. Calculate the greatest common factor of 40 and d.
5
Let v be (-2)/20 + (-51012)/(-120). What is the greatest common factor of v and 25?
25
Suppose 0 = -3*c + 6. Let i(d) = 5*d + 43. Let n be i(-8). Calculate the greatest common divisor of n and c.
1
Let z be ((-7)/2 - -2)*(-10 - -6). Let g = -23 + 25. What is the greatest common divisor of z and g?
2
Let a be 1/2 + 351/2. Suppose -4*l = -3*f + 4*f + 600, 5*l - f + 750 = 0. Let v = 172 + l. What is the greatest common divisor of v and a?
22
Suppose 0*x + 4*x - 12 = 0. Let p(n) = 12*n**2 - 2*n + 2. Let c be p(-2). Let s = 55 - c. What is the highest common divisor of x and s?
1
Suppose -441*a + 2268 = -405*a. What is the greatest common factor of a and 987?
21
Let h(q) = q**3 - q**2 + 6. Let n be h(0). Suppose 3*r - 3*s + 8 = 17, 2*s = 6. Calculate the greatest common divisor of r and n.
6
Let n = 12 - 10. Suppose 3*f + n*f - 919 = -4*y, 2*y = 5*f - 943. Let z(w) = 3*w**2 + w + 7. Let d be z(-2). Calculate the greatest common factor of d and f.
17
Suppose -3*l + 89 = -k - 0*k, -2*k + 25 = l. Suppose -21*d + 16*d = -530. Let n = d + -77. What is the highest common factor of n and l?
29
Let p be -10 + 11 + 802/2 + 3. Calculate the highest common divisor of p and 45.
45
Let x be (-9)/15 + 5090/25. Suppose f = 2*t + 33, 5*f + 3*t = 122 + 17. Calculate the greatest common divisor of f and x.
29
Suppose 39*w - 35*w - 24 = -2*o, 2*w - 10 = -2*o. Calculate the highest common factor of 189 and w.
7
Suppose 0 = 4*s - 7*v + 2*v - 319, -3*s - v = -244. Let m be 21/35*90/(2*1). What is the highest common factor of s and m?
27
Let q = 42 + -20. Suppose 4*g - 110 = 3*g. Calculate the highest common factor of q and g.
22
Let m(r) = 14*r - 1. Suppose o - 2*v = -1 + 2, -4*o + 4*v + 4 = 0. Let u be m(o). What is the highest common factor of 104 and u?
13
Let m(s) = 19*s**3 + s**2 + s - 3. Let z be m(1). Suppose -3*l + 5*l = k - 82, 5*k - 442 = 2*l. What is the greatest common divisor of z and k?
18
Let b(z) = -z**2 - 7*z + 10. Let a be b(-6). Let t be (-1)/((-10)/a)*35/14. What is the greatest common divisor of 8 and t?
4
Let w = -15 + 42. Let m = -7942 + 8185. What is the highest common divisor of w and m?
27
Suppose -5*c - 28*l + 117 = -24*l, -c + 15 = -2*l. What is the greatest common factor of 77 and c?
7
Let r = -115 - -50. Let s = r + 70. What is the greatest common divisor of s and 20?
5
Let k be ((-664)/12)/((-2)/3). Let r = 97 - k. What is the highest common divisor of 70 and r?
14
Suppose -4*f - w = -26 - 28, f - 18 = 2*w. Calculate the highest common divisor of 52 and f.
2
Let a = -60 + 63. Suppose 10*c - 11*c = -a. Suppose -4*o - 2*u = u - 54, 3*o + 2*u = 41. Calculate the greatest common factor of o and c.
3
Suppose -3*t + 199 = -125. Suppose 5*k - 296 = -l - 163, 3*k - 75 = -3*l. Calculate the greatest common factor of t and k.
27
Let o = 19 - 0. Let l be (0 - 2)*(13 + (-2662)/44). What is the highest common divisor of l and o?
19
Let o be 1*(-60)/8*(-58)/3. Calculate the greatest common factor of o and 261.
29
Suppose -u - u = -3*w - 20, -3*w - 3*u = 0. Let z = 1 + w. Let y be ((-112)/12)/(2/z). What is the greatest common factor of 14 and y?
14
Let m be (-110)/(-77)*(3*362 + -1). Calculate the highest common divisor of m and 25.
25
Let j(g) = -g**3 - 10*g**2 - g + 68. Let n be j(-10). What is th